Suppose -4*d + 142 + 130 = c. What is the remainder when d is divided by 12?
8
Let b = -3112 - -3444. Calculate the remainder when b is divided by 163.
6
Suppose -3*a = -2*v - 453 + 472, -2 = 2*v + 4*a. Let n = -395 - -576. What is the remainder when n is divided by v?
1
Let b(f) = f**2 - 7. Calculate the remainder when 1 - 5/(30/(-48))*33/4 is divided by b(5).
13
Suppose -35 = -3*h + j, 0 = 5*h - 5*j - 62 - 13. Let d = 31 - h. Let x = -145628 - -145636. What is the remainder when d is divided by x?
5
Let o = -425 - -427. Suppose 5*t - o*v + 2 - 72 = 0, -2*t + 37 = v. What is the remainder when 220 is divided by t?
12
Suppose -4*q + 163 - 35 = -y, 96 = 3*q - 3*y. Let n(p) = 46*p - 154. Suppose -2*a - 2*a + 2*c = -28, 0 = c + 2. What is the remainder when n(a) is divided by q?
26
Let w(l) = -l**2 + 8*l - 4. Suppose -h = h - 10. Suppose 3*a + 14 - 130 = 4*n, 4*n = a - 52. What is the remainder when a is divided by w(h)?
10
Let l(o) = o**2 + 7*o - 2. Let z be l(-9). Let t = z - -37. Let v(p) = p**2 + p - 22. Calculate the remainder when t is divided by v(-6).
5
Let o(z) = 3*z**3 + 2*z**2 - 4*z. Let y be o(3). Suppose -r + 12 = 9*m - 8*m, -m + 56 = 5*r. What is the remainder when y/6*(9 + 3) is divided by r?
9
Suppose -n = -3*y + 3764, 4*y + 35*n - 5008 = 31*n. What is the remainder when y is divided by 625?
4
Let z(c) = c**3 - 4*c**2 + 2*c + 6. Let b be z(3). Suppose j + 4*a = 2*a + 9, -b*j + 24 = 3*a. Calculate the remainder when j/(30/(-33) + 1) is divided by 10.
7
Let a = 4313 - 4279. What is the remainder when 159 is divided by a?
23
Let r(x) = -1549*x + 97696. Calculate the remainder when r(63) is divided by (-8)/6*21/(-1).
25
Let h = -2983 - -3169. Calculate the remainder when 357 is divided by h.
171
Suppose 5*o + 29 = 5*f - 36, 0 = -o. Let p(l) = -3*l - 56. Calculate the remainder when p(-24) is divided by f.
3
Suppose 4*v - 25 = -3*q, -3*v + 2 = -2*q - v. Let a be q + 3/(12/8). Let p(f) = f**2 - 2*f - 6. What is the remainder when p(a) is divided by 4?
1
Let j(q) = -26*q - 2. Let b be 154/(-19) + 28/266. What is the remainder when j(b) is divided by 53?
47
Suppose 21301 = 20*d + 20361. What is the remainder when d is divided by (-45)/(((-9)/6)/1)?
17
Suppose 0 = -54*t + 46*t - 3064. Let d = 451 + t. Calculate the remainder when d is divided by 15.
8
Let j(g) = 6 + 10 + 5*g + g**3 + 0 - 10*g**2 + 2*g. Let b be j(9). What is the remainder when 41 is divided by b*((-149)/14 + (-7)/(-49))?
20
Suppose 8*n - 10*n - 2 = 0. Calculate the remainder when 67 is divided by (37 - 16) + (n - -3).
21
Let s(n) = n**2 - 5*n - 6. Let a = 425 - 358. Let o = -55 + a. What is the remainder when s(-4) is divided by o?
6
Suppose -x + 3*r - 409 + 1179 = 0, -3*r - 2304 = -3*x. What is the remainder when x is divided by (-83)/(-5) + (-3)/30*6?
15
Suppose 5*u = 4*s + 20, 2*u + s - 8 = -2*s. Calculate the remainder when 26*(-68)/(-40) - u/20 is divided by 22.
0
Suppose 28*p + 363 - 2323 = 0. Suppose 3*q + q = g + p, 0 = 3*q + g - 49. Calculate the remainder when 50 is divided by q.
16
Let h(v) = v**2 + 14*v + 17. Let b = 143 - 156. Calculate the remainder when 26 is divided by h(b).
2
Let x = 1398 - 611. Calculate the remainder when x is divided by 24.
19
Suppose 5*q + 3*y - 1 = -16, q - 9 = -3*y. Let m(p) = -p**3 - 3*p**2 + 7*p - 2. Calculate the remainder when m(q) is divided by 13.
12
Let b(c) = 2*c - 1. Let t(k) = -5*k - 19. Let f(g) = -3*b(g) + t(g). Suppose 200 = -0*j + 4*j. What is the remainder when j is divided by f(-3)?
16
Let f be -1 + -3 - (-1841)/(0 - -7). Let x = 305 - f. What is the remainder when 179 is divided by x?
41
Suppose 3*c - 60 = -3*s, 136*s + 3*c = 135*s + 4. What is the remainder when 351 is divided by s?
15
What is the remainder when ((-10)/(-20))/((8/(-7640))/(2/(-5))) is divided by 56?
23
Suppose 4*v - 63 = -3*v. What is the remainder when v is divided by 7?
2
Let d(w) = 2*w**2 + 27*w + 67. Let k(u) = 5*u**2 + 13*u + 38. Calculate the remainder when d(-20) is divided by k(-4).
63
Let z be (-6 + 2)*(-1)/2. Suppose -z*v = v - 141. Let b(m) = -m**2 - 214*m + 12. Calculate the remainder when v is divided by b(0).
11
Let g = 15 - 5. Suppose -4*t - g + 146 = 4*l, 128 = 4*l - 4*t. Let u = l - 24. Calculate the remainder when 34 is divided by u.
7
Suppose 3*r - 3 = 2*r. Suppose 2646 = r*y + 15*y. Calculate the remainder when y is divided by 37.
36
Suppose -3*q = q - 80. Let u = -8817 + 8873. Calculate the remainder when u is divided by q.
16
Let s(n) = 2*n**2 - 4*n - 8. Let k be 2*1/(-2)*(31 + -39). Calculate the remainder when s(k) is divided by 18.
16
Let v be 1/5 - 162/(-15). Suppose -v = -q + 10. Suppose -196 = 10*d - 15*d + y, 0 = 9*d - 5*y - 372. Calculate the remainder when d is divided by q.
17
Let j be (162/3)/(-6)*-1. Suppose 1 - j = -2*p, -75 = -5*n + 5*p. Calculate the remainder when 37 is divided by n.
18
Let o = -237 - -239. Suppose -227 = -b - o*r + 3*r, 0 = -2*b - 2*r + 458. Calculate the remainder when b is divided by 40.
28
Suppose 0*a = -5*a - 4*r + 82, 0 = -3*r - 6. Suppose 333 = 3*o - 3*c, -2*o + 3*c + 127 = -91. Let p = -111 + o. What is the remainder when a is divided by p?
2
Let t(v) = v**2. Let d(l) = -3283*l - 6548. What is the remainder when d(-2) is divided by t(-1)?
0
Let v = 519 - 190. Suppose -18*u + 49 + v = 0. Calculate the remainder when u is divided by 19.
2
Let d(j) = -6*j - 24. Let a be d(-4). Suppose z + 4*q + 152 = 0, -3*q + a*q = -2*z - 359. Let b = z - -269. Calculate the remainder when b is divided by 33.
31
Let n(t) = -3*t - 5. Let h be (319/6)/11 + 3/18. Let f(a) = -a**3 + 4*a**2 + 3*a + 14. Calculate the remainder when n(-8) is divided by f(h).
3
Suppose 7*y - 125 = 197. Suppose 3*f - 5*t + 71 = -3*t, -4*f + 3*t = 94. Calculate the remainder when y is divided by (-6)/(6/f) + 1.
20
Let x = 402 + -382. Suppose -1090 = -5*t + 5*y, -y = y - 6. Suppose l + 294 = 4*c + 4*l, 3*c - t = -2*l. What is the remainder when c is divided by x?
15
Suppose 0 = -w - 1, 0 = 3*a + 4*w - 26 + 9. Let i(j) = -j + 17. Calculate the remainder when 158 is divided by i(a).
8
Suppose 5*b + 4*b = 90. Let m(z) = -4*z + 43. Let s = 74 - 65. Calculate the remainder when s is divided by m(b).
0
Let p(m) = 12 + 4 - 3*m + 2*m. Suppose 2*d - 14 + 4 = 2*s, 5*d - 4*s - 29 = 0. What is the remainder when 12 is divided by p(d)?
5
Suppose 3*v = -4*h + 1 + 46, 0 = v + 2*h - 17. Let a(f) = -2*f**2 - 41*f + 464. What is the remainder when a(-28) is divided by v?
5
Suppose -31*l + 13*l = 66*l - 6972. Calculate the remainder when 1173 is divided by l.
11
Let i(r) = -7*r**3 - 697*r**2 + 295*r - 276. What is the remainder when 3807 is divided by i(-100)?
223
What is the remainder when (-19593)/(-28) + 2/(104/65) is divided by 71?
62
Let l(f) = -f**2 + 37*f + 14. Let v be l(13). Suppose -6*p + 1100 = v. What is the remainder when p is divided by 10?
9
Suppose 105*s - 100*s = 1375. What is the remainder when s is divided by 32?
19
Let g(x) = -x**3 - 7*x**2 + 12*x + 11. Suppose 4*p - 3*c = -c - 46, -c - 4 = p. What is the remainder when g(p) is divided by 9?
2
Let z = -5150 - -6116. Calculate the remainder when z is divided by 18.
12
Let s be (-10)/5 - -2*9. Suppose s = -2*x + 30. Suppose 0 = d - 49 + x. What is the remainder when d is divided by 9?
6
Let p be (-3)/(10/(-12)*(-2)/(-10)). Calculate the remainder when 209 is divided by 948/p - (3 - (-50)/(-15)).
50
Let s(z) = -z**2 - 9*z - 15. Let v be s(-7). Let b be (4 - 1) + 1/(v/(-3)). Suppose 4*n = b*n - 52. Calculate the remainder when 47 is divided by n.
21
Calculate the remainder when 201 is divided by 23/3*(34 - 31).
17
Suppose b + 0*b - 146 = -5*y, -707 = -5*b - 2*y. Let i = 1317 - 1304. What is the remainder when b is divided by i?
11
Suppose -2*l + 74 = 3*f, 3*l + 30 - 156 = 3*f. Suppose -l*q = -27471 - 329. Calculate the remainder when q is divided by 12.
11
Suppose -5*w + 3*w = -12. Let i(k) = 4*k - 22. Let z(b) = b - 7. Let g(s) = 2*i(s) - 7*z(s). What is the remainder when w is divided by g(-3)?
0
What is the remainder when 702 is divided by (-148 + 47)/(-2*-4*(-2)/16)?
96
Suppose -911 - 1315 = -106*q. What is the remainder when 416 is divided by q?
17
Let h = -555 - -1055. Let w = -446 + h. Calculate the remainder when w is divided by 8.
6
Let o = 84 + -39. Calculate the remainde